t b(f) = 6*f + 36. Let v be b(-7). What is the hundreds digit of 25/(-4)*(-39 + v + 5)?
2
Let g(f) = -20*f + 118. Let t be g(6). What is the hundreds digit of 92/(-161) - (t + 3452/(-14))?
2
Let r(j) = 21*j - 103. Let g be ((-20)/(-25))/(-3 - 228/(-75)). What is the units digit of r(g)?
7
Let o be 4 + -9 + (-30)/(-6). Suppose 4*b = 2*g - b - 2195, 4*b - 12 = o. What is the units digit of g?
5
Suppose 5*o = 2*o - 6. Let f be o*(-951)/(-6)*(1 + -2). Suppose 4*t - 135 = f. What is the hundreds digit of t?
1
Suppose -5*h = -15, 237 - 1088 = 5*j + 3*h. Let u = 185 + j. What is the units digit of u?
3
Let j(c) = -c**3 - 14*c**2 - 16*c - 30. Let w be j(-13). Let u be -2*(8/16 + w*4). Let g = u - -122. What is the tens digit of g?
4
Let d(j) = 112*j - 9. Let q be d(3). Let n = q + 22. What is the tens digit of n?
4
Suppose -227*g + 458*g - 225*g = 196560. What is the tens digit of g?
6
Suppose 1333 + 382 = 7*t. Let d = -157 + t. What is the tens digit of 4/1 + -6 + d?
8
Let p(w) = 2*w + 29. Let g be p(-13). Let b = 52 + g. Suppose 5*d - 4*d = b. What is the units digit of d?
5
Let j be 8/(-32) + 17/4. Suppose -3*l - 6*r + 11*r + 178 = 0, -j*r = l - 31. Let y = 18 + l. What is the tens digit of y?
6
What is the ten thousands digit of 876016/36 - (-72)/324?
2
Let b be 6/(-2) + -55 + 4. Let t = 55 + b. What is the tens digit of (1*1/t)/(31/1922)?
6
Suppose -27*j - 1088 = -11*j. What is the units digit of (105/12)/((-1)/j)?
5
Let n(u) = -u**3 - 29*u**2 - 226*u - 28. What is the units digit of n(-20)?
2
Let a(y) = 2*y + 28. Let w be a(-13). What is the hundreds digit of w/(-6)*-12*56?
2
Suppose 5*r + 2*j = -14 - 18, 4*j - 16 = 0. Let i(g) = 9*g**2 - 4*g + 5. What is the hundreds digit of i(r)?
6
Let x be (-9)/((-9)/4) - 2. Suppose 5*d - x*b = 13, -2*d - b + 2 - 4 = 0. What is the tens digit of (1 + 2)/(d/35)?
0
Let x(j) = 219*j - 135. What is the thousands digit of x(42)?
9
Let q(m) be the third derivative of -m**7/5040 + 23*m**6/360 - m**5/12 + 21*m**2. Let r(c) be the third derivative of q(c). What is the tens digit of r(29)?
1
Let d = 22888 - 16276. What is the units digit of d?
2
Suppose 4*o = 6*m - 2*m + 5320, -o - 3*m + 1322 = 0. Let f = o + -611. What is the hundreds digit of f?
7
Let l = -80 - -239. Let g be (-13 - (-5 - -9))*1*1. Let k = l + g. What is the hundreds digit of k?
1
Suppose 4*c + 590 = 5*x, 395 = -2*c + 4*x + 103. Let t be c/((-5)/(-2 + 7)). Suppose -t = -2*s - 0*s. What is the tens digit of s?
7
Let h(n) = n**2 - 5*n + 27*n**2 + 17 + 6*n + 10. What is the hundreds digit of h(5)?
7
Suppose 29*s + 3612 = 22*s. Let k = -274 - s. What is the tens digit of k?
4
Suppose 2*f = q + 1 + 9, 9 = -f - 3*q. Suppose 4*p = f*y + 5*p - 551, 4*p + 941 = 5*y. What is the units digit of y?
5
Let a = -14 - -17. Suppose -595 = -8*t + a*t. Suppose 2*k = -f + 63, -5*k + 20 - t = -2*f. What is the tens digit of f?
5
Let t = -12862 - -24623. What is the units digit of t?
1
What is the hundreds digit of 10 + (-14 - -24 - -6034)?
0
Suppose 40*f - 81009 - 47990 = 45601. What is the units digit of f?
5
Suppose 19*w - 76*w + 287718 + 561867 = 0. What is the thousands digit of w?
4
What is the thousands digit of 53/636 + (-376259)/(-12)?
1
Suppose 2*f = -4 - 4. Let u(d) = -d**3 - d**2 - 6*d - 4. Let g be u(f). Let q = g + -23. What is the units digit of q?
5
Let a = -4900 + 4998. What is the units digit of a?
8
Let f(w) = -142*w + 764. What is the tens digit of f(-5)?
7
Let s = -737 - -452. What is the units digit of (42/5)/((-38)/s)?
3
Suppose -x + 3*b = -106, -2*x + 4*b = -4*x + 202. Suppose 3*w + 5*v - x = 37, 2*v - 146 = -3*w. Suppose 0 = -w*p + 47*p + 3. What is the units digit of p?
1
Let f(r) = -r**2 + 16*r + 16. Let i be f(17). Let j(q) = -377*q + 2. What is the units digit of j(i)?
9
Let s = 8163 + -4844. What is the units digit of s?
9
Let u = -17336 - -24628. What is the tens digit of u?
9
What is the thousands digit of (-5)/40*6 + 45659/4?
1
Let d be 0/3 - -1 - -524. Let c = d + -448. What is the units digit of c?
7
Let x = 40056 + -17957. What is the ten thousands digit of x?
2
Suppose 3*r - 22934 = -0*b + 4*b, -1 = -b. What is the units digit of r?
6
Suppose -4*a = -h - 17, 0 = 3*a - 5*a - 3*h - 9. Suppose 0 = -a*p + 354 - 15. Let c = -80 + p. What is the units digit of c?
3
Suppose 0 = -10*w - 10*w + 4620. Suppose 2*b = w + 1417. What is the tens digit of b?
2
Let p be -28*(3 + -2)*(-564)/14. Suppose 6*u = -0*u + p. What is the units digit of (u/2 - 3) + 4?
5
Let b(x) = 50*x**2 + 13*x - 23. What is the units digit of b(12)?
3
Let o be (-12203)/(-3) + 11/33. Suppose -7*q = 11*q - o. What is the units digit of q?
6
Let n = -2396 + 11694. What is the hundreds digit of n?
2
Suppose 18*t = 27*t - 50265. Let z(l) = 12 + 12 - 5576*l + t*l. What is the units digit of z(16)?
8
Suppose 26915 = 24*f - 4765. What is the thousands digit of f?
1
Let m(q) = -93*q + 36. Suppose -2*w - 21 = -13. What is the tens digit of m(w)?
0
Suppose 159*g - 76*g = 81*g + 102796. What is the ten thousands digit of g?
5
Let a be (-7 + -44)/((-3)/125). Let l = a - 1501. What is the hundreds digit of l?
6
Let c be -12 + 4*(-636)/(-48). Suppose 3*w + 2*w = 205. Let j = w + c. What is the units digit of j?
2
Suppose 0 = 260*d - 132*d - 229760. What is the hundreds digit of d?
7
Suppose -s = -3*b - 4*s - 3, 3*s = -b - 9. Suppose b*k + 8470 = 17*k. What is the hundreds digit of k?
6
Let s(d) = d**3 - 20*d**2 + 16*d + 10. Let p be s(20). Let u = -226 + p. What is the units digit of u?
4
Let g(a) = -159*a + 109*a - 108*a - 10 - 135*a. What is the hundreds digit of g(-1)?
2
Let b(z) = -2*z**2 - 19*z + 14. Let k be b(-10). Suppose -29 = -5*l - k. Suppose -l*a - 2*p = -754, 5*p - 469 = -4*a + 141. What is the tens digit of a?
5
What is the tens digit of 246/(-574) + 741960/21 + 1?
3
Let c = -194 - -2015. What is the tens digit of c?
2
Let q(f) = -65*f - 2. Suppose 0 = 11*h + 10 + 23. Let r = h - -1. What is the hundreds digit of q(r)?
1
Let h(g) = 4*g - 59. Let n be h(18). Let x be (n - -537) + (0 - -1). Suppose -3*a = -4*d - 145 + x, 3*d - 311 = -a. What is the hundreds digit of d?
1
Let v be 14/3*30/20. Suppose -v = -l + 39. What is the units digit of l?
6
Suppose -12*q + 9*q = -2*v - 36732, -3*q - 4*v + 36696 = 0. What is the ten thousands digit of q?
1
What is the hundreds digit of 8/1 - (18*-4412)/18?
4
Let r(u) = u**2 + 10*u + 46. Let o be r(-5). Let y be (42/o)/((-4)/((-2)/(-1))). What is the units digit of (y - -227)/2 + 5?
8
What is the hundreds digit of -1 - -3159 - ((-2 - 12) + 16)?
1
Let p be 18/(-27) - (-310)/15. What is the tens digit of 9036/p + (-3)/(-15)?
5
Let h(z) be the second derivative of -23*z**3/3 + 3*z**2/2 + z. Suppose 319*g + 15 = 304*g. What is the tens digit of h(g)?
4
Suppose -28219 - 52763 = -18*y. What is the tens digit of y?
9
Let q = 193 - 172. What is the units digit of (-11 - (-329)/q)*(295 - 1)?
2
Let x(m) be the second derivative of 43*m**3/3 - m**2/2 - 4*m. Let o be x(1). Suppose 2*w + 0*c - o = c, 5*w + 5*c = 235. What is the tens digit of w?
4
Let v be (-1 - 0/4)*(-93)/3. Let q = -113 + v. Let r = q - -303. What is the hundreds digit of r?
2
Suppose 2*r - g = -3, -g = 6*r - 5*r - 3. Suppose -4*w - 2*i + 2362 = r, 2288 - 499 = 3*w - 2*i. What is the tens digit of w?
9
Let v = -281 - -286. Suppose 0 = -3*o + 6*o - b - 567, v*b + 15 = 0. What is the units digit of o?
8
Let o(a) = -a**2 - 12*a - 32. Let u be o(-7). Suppose u*s = 3*r - 2076, 2*s = -3*s + 5. What is the hundreds digit of r?
6
What is the units digit of (-1 - 2958/4)*(-11 + (-45 - -24))?
6
What is the units digit of ((-1 - -2) + -7)/((-48)/41936)?
2
Suppose -10*r - 11144 = -3*p - 12*r, 3*p + 6*r = 11172. What is the thousands digit of p?
3
Let j(h) = 1639*h**2 + 24*h - 13. What is the units digit of j(2)?
1
Let a be (-4)/3*((-6)/4 + -6). Let n(r) = 15*r - 75. What is the units digit of n(a)?
5
Let f = -14474 + 35830. What is the tens digit of f?
5
Suppose -2*i = 5*n - 905 - 11172, 9 = -3*n. What is the units digit of i?
6
Let l be (-4 - -1)*690/(-45). Suppose -4*y = 34 - l. Suppose -7*h + 8 = -y*h. What is the units digit of h?
2
Let v be 2/(-8) - (-3 + (-2074)/8). Let i = 692 - v. Suppose 27*g - i = 22*g. What is the tens digit of g?
8
Suppose 49*c = -66*c + 175*c - 1114620. What is th